 divided by u?
3
Let t(g) = 8*g**2 - 2 - 2 - 6 + g**3 + 2*g + g. Calculate the remainder when 51 is divided by t(-7).
15
Suppose -3*i = 4*j - 58, 4*i - j - 41 - 30 = 0. What is the remainder when 53 is divided by i?
17
Suppose -2*m = 10, 5*m + 66 - 11 = 5*u. Let s(i) = 3*i - 12. Let q = 35 + -25. Calculate the remainder when q is divided by s(u).
4
Let m(l) = -l**3 - 4*l**2 + 4*l - 3. Let t be m(-5). Let v(z) = z + 2. Calculate the remainder when -2*(0 + 14/(-2)) is divided by v(t).
2
Let x(z) = -2*z + 0*z**2 - 2 + z**2 - z. Let o(u) = u - 3. What is the remainder when o(6) is divided by x(4)?
1
Let d(q) = q**3 + 7*q**2 - 17*q + 16. Calculate the remainder when 12 is divided by d(-9).
5
Let n(o) = 12*o**3 + 6*o**2 + 4*o + 5. Let p(t) = -25*t**3 - 13*t**2 - 9*t - 11. Let l(x) = 13*n(x) + 6*p(x). What is the remainder when l(2) is divided by 22?
21
Let p = -5 - 3. Let s be -1 + (-1 - (3 - p)). Let b = 20 + s. What is the remainder when 13 is divided by b?
6
Suppose -2*d = p - 3*d - 10, -4*d - 26 = -2*p. What is the remainder when 1*0/(-2) - -20 is divided by p?
6
Let f(y) = -2 - 5*y - 6 - 3. What is the remainder when f(-8) is divided by 11?
7
What is the remainder when 1/(189/93 + -2) is divided by 11?
9
Let t = 28 - -111. Let a = t + -86. Let q(p) = p + 12. Calculate the remainder when a is divided by q(6).
17
Let a(u) be the third derivative of -u**4/24 - u**3/3 - 2*u**2. Let o(p) = 5*p. What is the remainder when o(1) is divided by a(-4)?
1
What is the remainder when 23 is divided by (240/(-50))/((-4)/10)?
11
Let y(z) = -5*z + 1. Let i = 8 - -1. Calculate the remainder when y(-5) is divided by i.
8
Suppose -c - 3 = -20. Calculate the remainder when 0/(2 - 3) + 33 is divided by c.
16
Let h(t) = t + 13. Let q be h(-6). Suppose -q = -3*p - 3*x + 17, -4*p - 5*x = -37. Calculate the remainder when p is divided by 4/1 + -2 + 1.
0
Let u = -24 - -48. Suppose q + 0*q = u. Let r = q - 14. What is the remainder when 18 is divided by r?
8
Suppose -2*d - 9*f + 36 = -4*f, f + 72 = 4*d. What is the remainder when 33 is divided by d?
15
Let c(i) = i**3 + 8*i**2 - 10*i + 1. Let k = -44 + 81. Calculate the remainder when k is divided by c(-9).
7
Let g = -5 + 5. Suppose -4*r + 13 + 3 = g. What is the remainder when 6 is divided by r?
2
Suppose 1 + 8 = 3*l + 2*f, -2*f = 2*l - 6. Let i = 0 - -3. What is the remainder when i is divided by l?
0
Let i(s) = 5*s**2 - 2*s - 2. Calculate the remainder when i(3) is divided by 10.
7
Let z be (-1204)/(-20) + (-1)/5. Suppose -5*x - 5*p = -z, 8*x - 3*x = -4*p + 56. What is the remainder when 13 is divided by x?
5
Suppose 3*o + 15 = v, -v = v + 5*o - 85. Let a be (6/(-9))/((-4)/v). Suppose -6*p + a*p + 10 = 0. Calculate the remainder when 19 is divided by p.
9
Let t = -13 - -20. Calculate the remainder when 27 is divided by (0 + 2)*t/1.
13
Let m(g) = -g + 25. Let i be m(0). Suppose 15 = 4*p - i. What is the remainder when 37 is divided by p?
7
Let b(g) = -g**3 - g + 5. Let u be b(0). Let r be u*(-4)/(-10)*14. Suppose 3*i + i = r. What is the remainder when i is divided by 4?
3
Suppose 0 = -2*z + 13 + 9. Calculate the remainder when 32 is divided by z.
10
Let p = -43 - -86. Calculate the remainder when p is divided by 9.
7
Let f(j) = j**2 + 1. Suppose -3*k = -k + 3*l + 25, 4*l + 10 = 2*k. What is the remainder when f(k) is divided by 7?
5
Suppose -5*q - 2*v + 45 = -0*v, 5*v - 25 = 0. Calculate the remainder when 16 is divided by q.
2
Suppose 4*v - 2*l + 44 = 6*v, 4*l = 12. Calculate the remainder when v is divided by 6.
1
Let o(d) be the third derivative of d**6/120 + d**5/15 - d**4/4 + d**3/6 - 3*d**2. Let y = 4 + 12. Calculate the remainder when y is divided by o(-5).
4
Calculate the remainder when 64/(1/1) - (-92)/23 is divided by 28.
12
Let m(s) = s**2 - 13*s + 4. Calculate the remainder when 10 is divided by m(13).
2
Suppose 0 = -5*v - 3*w - 4 - 6, 3*w - 2 = v. Let o = -9 - v. Let j(h) = h**3 + 6*h**2 - 10*h - 10. What is the remainder when j(o) is divided by 6?
5
Let g = -26 + 42. What is the remainder when g is divided by 9?
7
Let l(g) = g**3 - g**2 - 1. Let v be l(2). Suppose v*f = 33 + 45. Let o(m) = m**3 + 2*m - 3. Calculate the remainder when f is divided by o(2).
8
Let z(j) = 9*j + 58. What is the remainder when z(5) is divided by 21?
19
Suppose -q + 28 = 3*q. Suppose o - 6 = x - 4, -14 = 5*x - 3*o. What is the remainder when q is divided by -2 - (-4 + x/2)?
3
Suppose 0 = 4*a + 3 - 15, -2*v = -3*a - 19. What is the remainder when 41 is divided by v?
13
Suppose -3*l - 1 = -2*l, -l + 11 = 4*t. Suppose 4*j + 0*j + 5*o = 16, 4 = j + 4*o. Let c(u) = 2*u - 4. What is the remainder when c(j) is divided by t?
1
Suppose -58*a + 53*a = -40. What is the remainder when 23 is divided by a?
7
Suppose k - 14 = -7. Let m = -4 + k. Calculate the remainder when 4 is divided by m.
1
Suppose -4*l + 8*l - 20 = 0. Suppose -3*p + 302 = 4*s, 0 = l*s + 2*p - 57 - 324. Calculate the remainder when s is divided by 26.
25
Let f(v) = -v**3 - 6*v**2 - 5*v - 7. Let h be f(-6). Suppose 0 = -3*k + 4*k - h. What is the remainder when 68 is divided by k?
22
Suppose -j = -2*h - 0*j + 25, 0 = 3*h + j - 45. Calculate the remainder when h is divided by 9.
5
Suppose -h - 13 = -3*v, -4*h = -v - 3*v + 28. Suppose -g + 33 = 2*g. What is the remainder when g is divided by (-1)/((-1)/(2*v))?
5
Let w(y) = -1 - y**2 + y**3 - 7 - 10*y + 7*y**2. Suppose 0 = 5*l - 4*l + 7. Calculate the remainder when 24 is divided by w(l).
11
Let m(b) = -2*b - 6. Let h be m(-4). What is the remainder when ((-9)/h)/(2/(-4)) is divided by 6?
3
Calculate the remainder when 405/6 - (0 - (-2)/4) is divided by 34.
33
Suppose 3*r + 5*h - 1 = 14, -2*h = 0. Suppose 2*k = r*k - 3. Calculate the remainder when 2 is divided by k.
0
Let t = 7 + -4. Suppose 8 = 5*s - 3*s, 0 = t*k + 3*s - 27. Calculate the remainder when 9 is divided by k.
4
Suppose -w - 196 = -3*w. Let a = w + -39. Calculate the remainder when a is divided by 15.
14
Let b(l) = 2*l**2 + 2*l - 6. Let g be b(8). Suppose 0 = 5*p - 37 - g. Suppose 2*i + 0*i - p = -3*u, u - 4*i = 35. What is the remainder when 42 is divided by u?
12
Let i(v) = 7*v**2 - 6*v - 4. Calculate the remainder when 162 is divided by i(3).
39
What is the remainder when 1 + 354/11 - 2/11 is divided by 12?
9
Let x(k) = -17*k**3 + k + 1. Let p be x(-1). Suppose p = -3*w - h, -3*h - 8 = 7. Let l = 14 + w. Calculate the remainder when l is divided by 4.
2
Let v(l) = -l**3 + 10*l**2 + 10*l + 13. Let g be v(10). Let w = -42 + g. Let b = w - 37. Calculate the remainder when b is divided by 9.
7
Let r(u) = 2*u**3 + 3*u - 1. Let t(q) = q**3 - 3*q**2 + 2*q - 4. Let l be t(3). Calculate the remainder when (-1 + 17)*5/l is divided by r(2).
19
Suppose 0 = -3*c + 44 + 163. What is the remainder when c is divided by 18?
15
Let j(h) = -h**3 - 6*h**2 + 6*h - 4. Calculate the remainder when 10 is divided by j(-7).
1
Let l = 24 + 16. What is the remainder when l is divided by 15?
10
What is the remainder when 6*(-2 + 2 + 4) is divided by 7?
3
Suppose -21*p + 19*p = -46. Calculate the remainder when p is divided by 12.
11
Let w(f) = -f**2 - 2*f - 1. Let m be w(-1). Suppose 0 = 2*z - m*z - 8. Suppose 39*q - 48*q + 99 = 0. Calculate the remainder when q is divided by z.
3
Suppose -5*n - 2*h + 100 = 0, -3*n + 24 = 4*h - 50. Let b be (-3)/(-12) + (-37)/4. Let a = b + n. Calculate the remainder when 26 is divided by a.
8
Suppose -3*a = w + 6, -4*a - 9 = 2*w - w. Let r = 6 - 4. Suppose -r*k + w*k - 20 = 0. Calculate the remainder when 58 is divided by k.
18
Let h = 52 - 36. Calculate the remainder when h is divided by 6.
4
Let w be (3 - 6)/3 + -43. Let o = w + 75. Let p = 16 + -5. Calculate the remainder when o is divided by p.
9
Let d(a) = 4*a + 7. Calculate the remainder when d(6) is divided by ((-4)/2 + -9)*-1.
9
Suppose -4*a - 5 = -j + 4, -j - 4*a - 15 = 0. Let m = 7 - j. Calculate the remainder when 18 is divided by m.
8
Suppose 5*d - 13 = -73. What is the remainder when (57/d)/((-2)/8) is divided by 11?
8
Suppose -5*s = -5*d - 105, -d - 65 = -3*s - 0*d. What is the remainder when s is divided by 6?
4
Suppose 5*q + 93 + 67 = 0. Let b = -18 - q. What is the remainder when b is divided by 4?
2
Let a = 36 - 21. What is the remainder when 2*1/2*41 + 3 is divided by a?
14
Let r b